{"id":78,"date":"2013-12-01T08:16:07","date_gmt":"2013-12-01T06:16:07","guid":{"rendered":"http:\/\/aviation.pero-online.de\/wordpress\/?page_id=78"},"modified":"2025-10-17T04:52:41","modified_gmt":"2025-10-17T02:52:41","slug":"flugsimulation","status":"publish","type":"page","link":"https:\/\/aviation.pero-online.de\/wordpress\/flugsimulation\/","title":{"rendered":"Flugsimulation"},"content":{"rendered":"<div class=\"wp-block-image\">\n<figure class=\"alignright size-thumbnail\"><img loading=\"lazy\" decoding=\"async\" width=\"150\" height=\"150\" src=\"https:\/\/aviation.pero-online.de\/wordpress\/wp-content\/uploads\/2022\/02\/Logo-Kopie-150x150.png\" alt=\"\" class=\"wp-image-3561\"\/><figcaption class=\"wp-element-caption\">Nickname<\/figcaption><\/figure>\n<\/div>\n\n\n<p>Flugsimulation ist seit vielen Jahrzehnten mein Hobby. Es bietet die M\u00f6glichkeit den realen Flugverkehr mit anderen Onlinepiloten im Internet am heimischen PC zu simulieren. Gestartet bin ich mit dem FS9 am PC mit einem Joystick. Im Laufe der Jahre habe ich das Setup immer wieder erweitert. Heute benutze ich haupts\u00e4chlich mein A320 Homecockpit.<\/p>\n\n\n\n<p>Mich fasziniert an der Flugsimulation, dass man seinen Flug realistisch planen kann und dabei die selben Prozeduren und Dokumentationen verwendet, die auch bei realen Fl\u00fcgen genutzt werden. F\u00fcr den Spa\u00dffaktor sorgt also nicht, den Flieger starten und landen zu k\u00f6nnen, sondern die Komplexit\u00e4t der Flugzeugsysteme und -verfahren.<\/p>\n\n\n\n<p>Besonders interessant finde ich das Onlinefliegen in einem Onlinenetzwerk. Dabei verbindet man sich mit seinem PC zu einem Netzwerk und trifft dort andere Piloten und Fluglotsen, die f\u00fcr realistische Abl\u00e4ufe sorgen und mit denen man sogar &#8222;funken&#8220; kann. Flugsprache ist englisch und man versucht den Luftverkehr so realistisch abzubilden, wie es nur geht.&nbsp;Die gr\u00f6\u00dften Online Netzwerke sind IVAO und VATSIM.<\/p>\n\n\n\n<p>Auch der Bau von Homecockpits hat mit bereits in seinen Bann gezogen. So ist erst das &#8222;<a href=\"http:\/\/aviation.pero-online.de\/wordpress\/?page_id=122\"><strong>Vater Cockpit<\/strong><\/a>&#8222;, der <a href=\"http:\/\/aviation.pero-online.de\/wordpress\/?page_id=676\"><strong>peroPROPSIM<\/strong><\/a> und ein <a href=\"http:\/\/aviation.pero-online.de\/wordpress\/?page_id=1354\"><strong>Airbus Homecockpit<\/strong><\/a> entstanden.<\/p>\n\n\n\n<p>Zu Guter Letzt noch die Antwort auf eine h\u00e4ufig gestellte Frage: &#8222;Nein, ich fliege nicht 10 Stunden am Computer von Frankfurt in die USA.&#8220; So viel Zeit bleibt dann doch nicht und mich reizen auch eher die Prozeduren am Start und bei der Landung.<\/p>\n","protected":false},"excerpt":{"rendered":"<p>Flugsimulation ist seit vielen Jahrzehnten mein Hobby. Es bietet die M\u00f6glichkeit den realen Flugverkehr mit anderen Onlinepiloten im Internet am heimischen PC zu simulieren. Gestartet bin ich mit dem FS9 am PC mit einem Joystick. Im Laufe der Jahre habe ich das Setup immer wieder erweitert. Heute benutze ich haupts\u00e4chlich mein A320 Homecockpit. Mich fasziniert&hellip;&nbsp;<a href=\"https:\/\/aviation.pero-online.de\/wordpress\/flugsimulation\/\" rel=\"bookmark\">Weiterlesen &raquo;<span class=\"screen-reader-text\">Flugsimulation<\/span><\/a><\/p>\n","protected":false},"author":2,"featured_media":0,"parent":0,"menu_order":0,"comment_status":"closed","ping_status":"open","template":"","meta":{"_stopmodifiedupdate":false,"_modified_date":"","neve_meta_sidebar":"","neve_meta_container":"","neve_meta_enable_content_width":"","neve_meta_content_width":0,"neve_meta_title_alignment":"","neve_meta_author_avatar":"","neve_post_elements_order":"","neve_meta_disable_header":"","neve_meta_disable_footer":"","neve_meta_disable_title":"","footnotes":""},"class_list":["post-78","page","type-page","status-publish","hentry"],"_links":{"self":[{"href":"https:\/\/aviation.pero-online.de\/wordpress\/wp-json\/wp\/v2\/pages\/78","targetHints":{"allow":["GET"]}}],"collection":[{"href":"https:\/\/aviation.pero-online.de\/wordpress\/wp-json\/wp\/v2\/pages"}],"about":[{"href":"https:\/\/aviation.pero-online.de\/wordpress\/wp-json\/wp\/v2\/types\/page"}],"author":[{"embeddable":true,"href":"https:\/\/aviation.pero-online.de\/wordpress\/wp-json\/wp\/v2\/users\/2"}],"replies":[{"embeddable":true,"href":"https:\/\/aviation.pero-online.de\/wordpress\/wp-json\/wp\/v2\/comments?post=78"}],"version-history":[{"count":1,"href":"https:\/\/aviation.pero-online.de\/wordpress\/wp-json\/wp\/v2\/pages\/78\/revisions"}],"predecessor-version":[{"id":4965,"href":"https:\/\/aviation.pero-online.de\/wordpress\/wp-json\/wp\/v2\/pages\/78\/revisions\/4965"}],"wp:attachment":[{"href":"https:\/\/aviation.pero-online.de\/wordpress\/wp-json\/wp\/v2\/media?parent=78"}],"curies":[{"name":"wp","href":"https:\/\/api.w.org\/{rel}","templated":true}]}}