{"id":63,"date":"2013-12-01T07:56:31","date_gmt":"2013-12-01T06:56:31","guid":{"rendered":"http:\/\/aviation.pero-online.de\/wordpress\/?page_id=63"},"modified":"2025-10-17T05:02:46","modified_gmt":"2025-10-17T03:02:46","slug":"links","status":"publish","type":"page","link":"https:\/\/aviation.pero-online.de\/wordpress\/links\/","title":{"rendered":"Links"},"content":{"rendered":"\n<div class=\"wp-block-group\"><div class=\"wp-block-group__inner-container is-layout-flow wp-block-group-is-layout-flow\">\n<div style=\"text-align:left\" class=\"wp-block-fruitful-blocks-fruitful-alert ff fruitful_alert ff-alert-info ff-id-block-640a4680-f87d-4736-81d0-523db238c10d\"><i class=\"ff-icon\"><\/i><div>Links gepr\u00fcft am 12.10.2025<\/div><a href=\"#\" class=\"ff-alert-dismiss\"><\/a><\/div>\n\n\n\n<p>Das Landgericht Hamburg hat mit Urteil vom 12.05.1998 entschieden, dass man durch die Ausbringung eines Links die Inhalte der gelinkten Seite ggf. mit zu verantworten hat. Dies kann -so das LG &#8211; nur dadurch verhindert werden, da\u00df man sich ausdr\u00fccklich von diesen Inhalten distanziert. Ich betone ausdr\u00fccklich, da\u00df ich keinerlei Einflu\u00df auf die Gestaltung und die Inhalte der gelinkten Seiten habe. Deshalb distanziere ich mich hiermit ausdr\u00fccklich von allen Inhalten aller gelinkten Seiten auf der gesamten Homepage inklusive aller Unterseiten. Diese Erkl\u00e4rung gilt f\u00fcr alle auf meiner Homepage angebrachten Links und f\u00fcr alle Inhalte der Seiten, zu denen Links oder Banner f\u00fchren.<\/p>\n\n\n<!-- Beginning of Link Library Output --><div id='linklist1' class='linklist'><!-- Div Linklist -->\n<div class=\"LinkLibraryCat LinkLibraryCat85 level0\"><!-- Div Category --><div id=\"andere-cockpitprojekte\"><!-- Div Category Name --><div class=\"linklistcatname\"><!-- Div Cat Name --><span class=\"linklistcatclass\">Andere Cockpitprojekte<\/span><\/div><!-- DivOrHeader --><\/div><!-- Div Category Name -->\n\t<ul>\n<li><a href=\"https:\/\/a320-homecockpit-celle.de\/\" id=\"link-3678\" class=\"track_this_link \" rel=\"noopener noreferrer\" target=\"_blank\">A320 &#8211; Homecockpit Celle<\/a>\n<\/li>\n<li><a href=\"https:\/\/a320-simulator.de\/\" id=\"link-3614\" class=\"track_this_link \" rel=\"noopener noreferrer\" target=\"_blank\">A320 &#8211; Projekt von Dieter Kreiskott<\/a>\n<\/li>\n<li><a href=\"https:\/\/a320.jimdo.com\" id=\"link-2048\" class=\"track_this_link \" rel=\"noopener noreferrer\" target=\"_blank\">A320 &#8211; Projekt von Ing. Karl Krejca und der HTL Donaustadt<\/a>\n<\/li>\n<li><a href=\"http:\/\/www.dalpi.de\" id=\"link-2030\" class=\"track_this_link \" rel=\"noopener noreferrer\" target=\"_blank\">A330 &#8211; Homecockpit Project A330 (www.dalpi.de)<\/a>\n<\/li>\n<li><a href=\"http:\/\/b737home.blogspot.com\/\" id=\"link-2026\" class=\"track_this_link \" rel=\"noopener noreferrer\">B737 &#8211; Nachbau eines Boeing 737-800NG Flightdecks im Massstab 1:1<\/a>\n<\/li>\n\t<\/ul>\n<\/div><!-- Div End Category -->\n<div class=\"LinkLibraryCat LinkLibraryCat68 level0\"><!-- Div Category --><div id=\"homecockpit\"><!-- Div Category Name --><div class=\"linklistcatname\"><!-- Div Cat Name --><span class=\"linklistcatclass\">Homecockpit<\/span><\/div><!-- DivOrHeader --><\/div><!-- Div Category Name -->\n\t<ul>\n<li><a href=\"https:\/\/homecockpit-simulation.de\/forum\/\" id=\"link-4598\" class=\"track_this_link \" rel=\"noopener noreferrer\" target=\"_blank\">https:\/\/homecockpit-simulation.de\/forum &#8211; Sven Mod MSFS FMGS<\/a>\nSven Mod MSFS FMGS<\/li>\n\t<\/ul>\n<\/div><!-- Div End Category -->\n<div class=\"LinkLibraryCat LinkLibraryCat70 level0\"><!-- Div Category --><div id=\"other\"><!-- Div Category Name --><div class=\"linklistcatname\"><!-- Div Cat Name --><span class=\"linklistcatclass\">Other<\/span><\/div><!-- DivOrHeader --><\/div><!-- Div Category Name -->\n\t<ul>\n<li><a href=\"http:\/\/www.simpit.de\/a320dim\/page_01.htm\" id=\"link-2040\" class=\"track_this_link \" rel=\"noopener noreferrer\" target=\"_blank\">A320 &#8211; Cockpit Ma\u00dfe (simpit.de)<\/a>\n<\/li>\n<li><a href=\"https:\/\/esstudio.site\/atc-manager-2\" id=\"link-2654\" class=\"track_this_link \" rel=\"noopener noreferrer\" target=\"_blank\">ATC Manager 2 (Online ATC Game)<\/a>\n<\/li>\n<li><a href=\"http:\/\/www.badbadweather.com\/\" id=\"link-2051\" class=\"track_this_link \" rel=\"noopener noreferrer\" target=\"_blank\">http:\/\/www.badbadweather.com<\/a>\n<\/li>\n\t<\/ul>\n<\/div><!-- Div End Category -->\n<div class=\"LinkLibraryCat LinkLibraryCat71 level0\"><!-- Div Category --><div id=\"shops\"><!-- Div Category Name --><div class=\"linklistcatname\"><!-- Div Cat Name --><span class=\"linklistcatclass\">Shops<\/span><\/div><!-- DivOrHeader --><\/div><!-- Div Category Name -->\n\t<ul>\n<li><a href=\"http:\/\/www.simparts.de\" id=\"link-2034\" class=\"track_this_link \" rel=\"noopener noreferrer\" target=\"_blank\">Simparts.de &#8211; Shop<\/a>\n<\/li>\n<li><a href=\"https:\/\/simsystems.eu\/\" id=\"link-2046\" class=\"track_this_link \" rel=\"noopener noreferrer\">simsystems.eu (ehm. Cockpit Concept)<\/a>\n<\/li>\n<li><a href=\"http:\/\/www.skalarki-electronics.eu\/\" id=\"link-2035\" class=\"track_this_link \" rel=\"noopener noreferrer\" target=\"_blank\">SKALARKI ELECTRONICS<\/a>\n<\/li>\n\t<\/ul>\n<\/div><!-- Div End Category -->\n<div class=\"LinkLibraryCat LinkLibraryCat69 level0\"><!-- Div Category --><div id=\"szenerien\"><!-- Div Category Name --><div class=\"linklistcatname\"><!-- Div Cat Name --><span class=\"linklistcatclass\">Szenerien<\/span><\/div><!-- DivOrHeader --><\/div><!-- Div Category Name -->\n\t<ul>\n<li><a href=\"http:\/\/www.freewarescenery.com\/\" id=\"link-2024\" class=\"track_this_link \" rel=\"noopener noreferrer\" target=\"_blank\">Freeware Scenerys f\u00fcr FS 2002, 2004 und FSX<\/a>\n<\/li>\n\t<\/ul>\n<\/div><!-- Div End Category -->\n<div class=\"LinkLibraryCat LinkLibraryCat72 level0\"><!-- Div Category --><div id=\"tools\"><!-- Div Category Name --><div class=\"linklistcatname\"><!-- Div Cat Name --><span class=\"linklistcatclass\">Tools<\/span><\/div><!-- DivOrHeader --><\/div><!-- Div Category Name -->\n\t<ul>\n<li><a href=\"http:\/\/fl95.de\/index.php\" id=\"link-2029\" class=\"track_this_link \" rel=\"noopener noreferrer\" target=\"_blank\">FL95.de &#8211; VFR-Flugplanung<\/a>\nVFR Karte<\/li>\n<li><a href=\"http:\/\/fuelplanner.com\/index.php\" id=\"link-2032\" class=\"track_this_link \" rel=\"noopener noreferrer\" target=\"_blank\">Fuel planning and dispatcher loadsheets<\/a>\n<\/li>\n<li><a href=\"https:\/\/www.simbrief.com\/home\/\" id=\"link-2424\" class=\"track_this_link \" rel=\"noopener noreferrer\" target=\"_blank\">SimBrief.com &#8211; Flugplanung<\/a>\n<\/li>\n\t<\/ul>\n<\/div><!-- Div End Category -->\n<div class=\"LinkLibraryCat LinkLibraryCat73 level0\"><!-- Div Category --><div id=\"training\"><!-- Div Category Name --><div class=\"linklistcatname\"><!-- Div Cat Name --><span class=\"linklistcatclass\">Training<\/span><\/div><!-- DivOrHeader --><\/div><!-- Div Category Name -->\n\t<ul>\n<li><a href=\"http:\/\/equicom.net\/mcdu\/index.php\" id=\"link-2130\" class=\"track_this_link \" rel=\"noopener noreferrer\" target=\"_blank\">Airbus MCDU Trainer<\/a>\n<\/li>\n<li><a href=\"http:\/\/www.airbusdriver.net\/\" id=\"link-2050\" class=\"track_this_link \" rel=\"noopener noreferrer\" target=\"_blank\">airbusdriver.net &#8211; Flow-Charts, Callout Guide &amp; more<\/a>\nFlow-Charts, Callout Guide &amp; more<\/li>\n<li><a href=\"http:\/\/www.smartcockpit.com\/\" id=\"link-2053\" class=\"track_this_link \" rel=\"noopener noreferrer\" target=\"_blank\">www.smartcockpit.com<\/a>\n<\/li>\n<li><a href=\"https:\/\/www.youtube.com\/playlist?list=PLQLzycRjfn62_Q1a82RqDj9EuAhnpNy_-\" id=\"link-2442\" class=\"track_this_link \" rel=\"noopener noreferrer\" target=\"_blank\">YouTube &#8211; A320 Coaching mit realem Piloten (X-Plane)<\/a>\n<\/li>\n<li><a href=\"https:\/\/www.youtube.com\/watch?v=uqKeSO6msDk\" id=\"link-2045\" class=\"track_this_link \" rel=\"noopener noreferrer\" target=\"_blank\">YouTube &#8211; A320 PowerUp Video (BAA Training)<\/a>\n<\/li>\n<li><a href=\"https:\/\/www.youtube.com\/channel\/UCCSFbTWqFEHDOM3wXu8xI4Q\" id=\"link-2049\" class=\"track_this_link \" rel=\"noopener noreferrer\" target=\"_blank\">Youtube &#8211; Channel von Aerotask A320 &#8211; Briefing und Platzrunde<\/a>\n<\/li>\n<li><a href=\"https:\/\/www.youtube.com\/watch?v=Ciy-nwNyRh4\" id=\"link-2052\" class=\"track_this_link \" rel=\"noopener noreferrer\" target=\"_blank\">YouTube &#8211; IVAO IFR Phrasologie<\/a>\n<\/li>\n<li><a href=\"https:\/\/www.youtube.com\/watch?v=psm_dbf6pXE\" id=\"link-2575\" class=\"track_this_link \" rel=\"noopener noreferrer\" target=\"_blank\">YouTube &#8211; MCDU Extended Centerline<\/a>\n<\/li>\n\t<\/ul>\n<\/div><!-- Div End Category -->\n<script type='text\/javascript'>\njQuery(document).ready(function()\n{\njQuery('.arrow-up').hide();\njQuery('#linklist1 a.track_this_link').click(function() {\nlinkid = this.id;\nlinkid = linkid.substring(5);\npath = '';\njQuery.ajax( {    type: 'POST',    url: 'https:\/\/aviation.pero-online.de\/wordpress\/wp-admin\/admin-ajax.php',     data: { action: 'link_library_tracker',             _ajax_nonce: '0fc8032207',             id:linkid, xpath:path }     });\nreturn true;\n});\njQuery('#linklist1 .expandlinks').click(function() {\ntarget = '.' + jQuery(this).attr('id');\nsubcattarget = '.' + jQuery(this).attr('data-subcat');\nif ( jQuery( target ).is(':visible') ) {\njQuery(target).slideUp();\njQuery(subcattarget).slideToggle();\njQuery(this).children('img').attr('src', 'https:\/\/aviation.pero-online.de\/wordpress\/wp-content\/plugins\/link-library\/icons\/expand-32.png');\n} else {\njQuery(target).slideDown();\njQuery(subcattarget).slideToggle();\njQuery(this).children('img').attr('src', 'https:\/\/aviation.pero-online.de\/wordpress\/wp-content\/plugins\/link-library\/icons\/collapse-32.png');\n}\n});\njQuery('#linklist1 .linklistcatclass').click(function() {\njQuery(this).siblings('.expandlinks').click();\n});\njQuery('#linklist1 .linklistcatnamedesc').click(function() {\njQuery(this).siblings('.expandlinks').click();\n});\n});\n<\/script>\n<\/div><!-- Div Linklist -->\n<!-- End of Link Library Output -->\n\n<\/div><\/div>\n","protected":false},"excerpt":{"rendered":"<p>Das Landgericht Hamburg hat mit Urteil vom 12.05.1998 entschieden, dass man durch die Ausbringung eines Links die Inhalte der gelinkten Seite ggf. mit zu verantworten hat. Dies kann -so das LG &#8211; nur dadurch verhindert werden, da\u00df man sich ausdr\u00fccklich von diesen Inhalten distanziert. Ich betone ausdr\u00fccklich, da\u00df ich keinerlei Einflu\u00df auf die Gestaltung und&hellip;&nbsp;<a href=\"https:\/\/aviation.pero-online.de\/wordpress\/links\/\" rel=\"bookmark\">Weiterlesen &raquo;<span class=\"screen-reader-text\">Links<\/span><\/a><\/p>\n","protected":false},"author":2,"featured_media":0,"parent":0,"menu_order":0,"comment_status":"closed","ping_status":"closed","template":"","meta":{"_stopmodifiedupdate":false,"_modified_date":"","neve_meta_sidebar":"","neve_meta_container":"","neve_meta_enable_content_width":"","neve_meta_content_width":0,"neve_meta_title_alignment":"","neve_meta_author_avatar":"","neve_post_elements_order":"","neve_meta_disable_header":"","neve_meta_disable_footer":"","neve_meta_disable_title":"","footnotes":""},"class_list":["post-63","page","type-page","status-publish","hentry"],"_links":{"self":[{"href":"https:\/\/aviation.pero-online.de\/wordpress\/wp-json\/wp\/v2\/pages\/63","targetHints":{"allow":["GET"]}}],"collection":[{"href":"https:\/\/aviation.pero-online.de\/wordpress\/wp-json\/wp\/v2\/pages"}],"about":[{"href":"https:\/\/aviation.pero-online.de\/wordpress\/wp-json\/wp\/v2\/types\/page"}],"author":[{"embeddable":true,"href":"https:\/\/aviation.pero-online.de\/wordpress\/wp-json\/wp\/v2\/users\/2"}],"replies":[{"embeddable":true,"href":"https:\/\/aviation.pero-online.de\/wordpress\/wp-json\/wp\/v2\/comments?post=63"}],"version-history":[{"count":1,"href":"https:\/\/aviation.pero-online.de\/wordpress\/wp-json\/wp\/v2\/pages\/63\/revisions"}],"predecessor-version":[{"id":4968,"href":"https:\/\/aviation.pero-online.de\/wordpress\/wp-json\/wp\/v2\/pages\/63\/revisions\/4968"}],"wp:attachment":[{"href":"https:\/\/aviation.pero-online.de\/wordpress\/wp-json\/wp\/v2\/media?parent=63"}],"curies":[{"name":"wp","href":"https:\/\/api.w.org\/{rel}","templated":true}]}}