{"id":588,"date":"2014-09-07T05:37:43","date_gmt":"2014-09-07T04:37:43","guid":{"rendered":"http:\/\/aviation.pero-online.de\/wordpress\/?page_id=588"},"modified":"2021-12-07T05:20:41","modified_gmt":"2021-12-07T04:20:41","slug":"support","status":"publish","type":"page","link":"https:\/\/aviation.pero-online.de\/wordpress\/support\/","title":{"rendered":"Support"},"content":{"rendered":"\n<p>Bitte beachten Sie, dass es sich hierbei um externe Foren von Dritten handelt:<\/p>\n\n\n\n<div class=\"wp-block-fruitful-blocks-fruitful-sep undefined ff fruitful_sep\" style=\"background-color:#e0e0e0;height:10px\"><\/div>\n\n\n\n<div class=\"wp-block-image\"><figure class=\"aligncenter size-large\"><a href=\"http:\/\/forum.aerosoft.com\/index.php?\/forum\/757-simstarter-ng\/\" target=\"_blank\" rel=\"noreferrer noopener\"><img loading=\"lazy\" decoding=\"async\" width=\"302\" height=\"212\" src=\"https:\/\/aviation.pero-online.de\/wordpress\/wp-content\/uploads\/2014\/09\/AerosoftLogo.png\" alt=\"\" class=\"wp-image-1189\" srcset=\"https:\/\/aviation.pero-online.de\/wordpress\/wp-content\/uploads\/2014\/09\/AerosoftLogo.png 302w, https:\/\/aviation.pero-online.de\/wordpress\/wp-content\/uploads\/2014\/09\/AerosoftLogo-300x211.png 300w\" sizes=\"auto, (max-width: 302px) 100vw, 302px\" \/><\/a><\/figure><\/div>\n\n\n\n<h2 class=\"has-text-align-center wp-block-heading\">SIMstarter NG P3D<\/h2>\n\n\n\n<p class=\"has-text-align-center\"> <a rel=\"noreferrer noopener\" aria-label=\" (\u00f6ffnet in neuem Tab)\" href=\"http:\/\/forum.aerosoft.com\/index.php?\/forum\/757-simstarter-ng\/\" target=\"_blank\"><strong>F\u00fcr Supportanfragen f\u00fcr SIMstarter NG P3D klicken Sie bitte hier, um die AEROSOFT Foren zu besuchen.<\/strong><\/a><\/p>\n\n\n\n<div class=\"wp-block-fruitful-blocks-fruitful-sep undefined ff fruitful_sep\" style=\"background-color:#eeeeee;height:10px\"><\/div>\n\n\n\n<div class=\"wp-block-image\"><figure class=\"aligncenter size-large is-resized\"><img loading=\"lazy\" decoding=\"async\" src=\"https:\/\/aviation.pero-online.de\/wordpress\/wp-content\/uploads\/2017\/12\/MCDU.jpg\" alt=\"\" class=\"wp-image-1720\" width=\"251\" height=\"251\" srcset=\"https:\/\/aviation.pero-online.de\/wordpress\/wp-content\/uploads\/2017\/12\/MCDU.jpg 412w, https:\/\/aviation.pero-online.de\/wordpress\/wp-content\/uploads\/2017\/12\/MCDU-150x150.jpg 150w, https:\/\/aviation.pero-online.de\/wordpress\/wp-content\/uploads\/2017\/12\/MCDU-300x300.jpg 300w\" sizes=\"auto, (max-width: 251px) 100vw, 251px\" \/><\/figure><\/div>\n\n\n\n<h2 class=\"has-text-align-center wp-block-heading\">Software f\u00fcr JeeHell FMGS<\/h2>\n\n\n\n<p class=\"has-text-align-center\"><strong><a href=\"https:\/\/jeehell.org\/forum\/viewtopic.php?f=12&amp;t=4\" target=\"_blank\" rel=\"noreferrer noopener\">corteManager4JH<\/a><\/strong><\/p>\n\n\n\n<p class=\"has-text-align-center\"><strong><a href=\"https:\/\/jeehell.org\/forum\/viewtopic.php?f=12&amp;t=3\" target=\"_blank\" rel=\"noreferrer noopener\">JeeHell EXT PWR by GSX<\/a><\/strong><\/p>\n\n\n\n<div class=\"wp-block-fruitful-blocks-fruitful-sep undefined ff fruitful_sep\" style=\"background-color:#e0e0e0;height:10px\"><\/div>\n\n\n\n<div class=\"wp-block-image\"><figure class=\"aligncenter size-large is-resized\"><img loading=\"lazy\" decoding=\"async\" src=\"https:\/\/aviation.pero-online.de\/wordpress\/wp-content\/uploads\/2014\/09\/avsimLogo_104px.jpg\" alt=\"\" class=\"wp-image-1193\" width=\"294\" height=\"144\"\/><\/figure><\/div>\n\n\n\n<h2 class=\"has-text-align-center wp-block-heading\">Andere Software<\/h2>\n\n\n\n<p class=\"has-text-align-center\"> <a href=\"http:\/\/forum.avsim.net\/forum\/716-capt-pero-support-forum\/\"><strong>For all other freeware click here to visit AVSIM Forums.<\/strong><\/a> <\/p>\n\n\n\n<div class=\"wp-block-fruitful-blocks-fruitful-sep undefined ff fruitful_sep\" style=\"background-color:#e0e0e0;height:10px\"><\/div>\n","protected":false},"excerpt":{"rendered":"<p>Bitte beachten Sie, dass es sich hierbei um externe Foren von Dritten handelt: SIMstarter NG P3D F\u00fcr Supportanfragen f\u00fcr SIMstarter NG P3D klicken Sie bitte hier, um die AEROSOFT Foren zu besuchen. Software f\u00fcr JeeHell FMGS corteManager4JH JeeHell EXT PWR by GSX Andere Software For all other freeware click here to visit AVSIM Forums.<\/p>\n","protected":false},"author":2,"featured_media":0,"parent":0,"menu_order":0,"comment_status":"closed","ping_status":"open","template":"","meta":{"_stopmodifiedupdate":false,"_modified_date":"","neve_meta_sidebar":"","neve_meta_container":"","neve_meta_enable_content_width":"","neve_meta_content_width":0,"neve_meta_title_alignment":"","neve_meta_author_avatar":"","neve_post_elements_order":"","neve_meta_disable_header":"","neve_meta_disable_footer":"","neve_meta_disable_title":"","footnotes":""},"class_list":["post-588","page","type-page","status-publish","hentry"],"_links":{"self":[{"href":"https:\/\/aviation.pero-online.de\/wordpress\/wp-json\/wp\/v2\/pages\/588","targetHints":{"allow":["GET"]}}],"collection":[{"href":"https:\/\/aviation.pero-online.de\/wordpress\/wp-json\/wp\/v2\/pages"}],"about":[{"href":"https:\/\/aviation.pero-online.de\/wordpress\/wp-json\/wp\/v2\/types\/page"}],"author":[{"embeddable":true,"href":"https:\/\/aviation.pero-online.de\/wordpress\/wp-json\/wp\/v2\/users\/2"}],"replies":[{"embeddable":true,"href":"https:\/\/aviation.pero-online.de\/wordpress\/wp-json\/wp\/v2\/comments?post=588"}],"version-history":[{"count":0,"href":"https:\/\/aviation.pero-online.de\/wordpress\/wp-json\/wp\/v2\/pages\/588\/revisions"}],"wp:attachment":[{"href":"https:\/\/aviation.pero-online.de\/wordpress\/wp-json\/wp\/v2\/media?parent=588"}],"curies":[{"name":"wp","href":"https:\/\/api.w.org\/{rel}","templated":true}]}}