{"id":3883,"date":"2022-11-29T06:00:39","date_gmt":"2022-11-29T05:00:39","guid":{"rendered":"https:\/\/aviation.pero-online.de\/wordpress\/?page_id=3883"},"modified":"2024-11-24T08:33:19","modified_gmt":"2024-11-24T07:33:19","slug":"a320-homecockpit-d-alam-hardware","status":"publish","type":"page","link":"https:\/\/aviation.pero-online.de\/wordpress\/flugsimulation\/d-alam\/a320-homecockpit-d-alam-hardware\/","title":{"rendered":"A320 Homecockpit (D-ALAM) &#8211; Hardware"},"content":{"rendered":"\n<div class=\"wp-block-button\"><a class=\"wp-block-button__link has-cyan-bluish-gray-background-color has-background wp-element-button\" href=\"https:\/\/aviation.pero-online.de\/wordpress\/?page_id=1354\" rel=\"https:\/\/aviation.pero-online.de\/wordpress\/?page_id=1354\">&lt;&lt; zur\u00fcck zur Hauptseite<\/a><\/div>\n\n\n\n<div class=\"wp-block-query is-layout-flow wp-block-query-is-layout-flow\"><ul class=\"columns-3 wp-block-post-template is-layout-grid wp-container-core-post-template-is-layout-2fc57c17 wp-block-post-template-is-layout-grid\"><li class=\"wp-block-post post-4225 post type-post status-publish format-standard hentry category-hardware category-sonstiges tag-streamdeck\">\n<h2 class=\"wp-block-post-title\"><a href=\"https:\/\/aviation.pero-online.de\/wordpress\/dcdu-mit-dem-streamdeck\/\" target=\"_self\" >DCDU mit dem Streamdeck<\/a><\/h2>\n\n<div class=\"wp-block-post-date\"><time datetime=\"2023-12-22T08:51:45+01:00\">22. Dezember 2023<\/time><\/div>\n\n<div class=\"wp-block-post-excerpt\"><p class=\"wp-block-post-excerpt__excerpt\">Endlich Urlaubs- und Weihnachtszeit. Ich hatte die Gelegenheit, mal wieder bei Micha (Captain Mike Delta) im Simulator vorbei zu schauen. Micha hatte die Idee, das Streamdeck in die rechte Aussparung der DCDU einzubauen und ein ordentliches Cover zu drucken. Das sieht top aus und ist eine super Idee. Auf der linken Seite kam uns die&hellip; <\/p><\/div>\n<\/li><li class=\"wp-block-post post-2972 post type-post status-publish format-standard hentry category-hardware tag-cockpit tag-hardware\">\n<h2 class=\"wp-block-post-title\"><a href=\"https:\/\/aviation.pero-online.de\/wordpress\/d-alam-captain-tablet\/\" target=\"_self\" >D-ALAM &#8211; Captain Tablet<\/a><\/h2>\n\n<div class=\"wp-block-post-date\"><time datetime=\"2023-10-17T08:50:57+02:00\">17. Oktober 2023<\/time><\/div>\n\n<div class=\"wp-block-post-excerpt\"><p class=\"wp-block-post-excerpt__excerpt\">Ich nutze im Homecockpit Windows Tablets, auf dessen Unterseite ich ein Blech angeklebt habe, so dass es von den Neodym Magneten in der Fensterbank gehalten wird. Ich habe mich von iPads verabschiedet, da ich zur Performance Kalkulation meines A320 Topcat benutze. So bleibt der Sim-PC &#8222;frei&#8220; von Zusatzsoftware und ich kann alles vom Tablet machen,&hellip; <\/p><\/div>\n<\/li><li class=\"wp-block-post post-3158 post type-post status-publish format-standard hentry category-hardware category-overhead category-shell category-software category-sonstiges category-sound\">\n<h2 class=\"wp-block-post-title\"><a href=\"https:\/\/aviation.pero-online.de\/wordpress\/happy-birthday-d-alam\/\" target=\"_self\" >Happy Birthday D-ALAM!<\/a><\/h2>\n\n<div class=\"wp-block-post-date\"><time datetime=\"2023-10-15T06:00:00+02:00\">15. Oktober 2023<\/time><\/div>\n\n<div class=\"wp-block-post-excerpt\"><p class=\"wp-block-post-excerpt__excerpt\">Am 15.10.2013 habe ich die Teile f\u00fcr das Forward Overhead Panel bei Marcin von Skalarki bestellt. Damit ist mein A320 Homecockpit Projekt nun 10 Jahre alt geworden. Diesen Geburtstag m\u00f6chte ich zum Anlass nehmen, auf diese 10 Jahre zur\u00fcckzuschauen. Overhead selbst l\u00f6ten Wie oben beschrieben, hatte ich die Idee, alles weitestgehend selbst zu l\u00f6ten und&hellip; <\/p><\/div>\n<\/li><li class=\"wp-block-post post-4098 post type-post status-publish format-standard hentry category-hardware tag-cockpit\">\n<h2 class=\"wp-block-post-title\"><a href=\"https:\/\/aviation.pero-online.de\/wordpress\/stromverbrauch-des-simulators\/\" target=\"_self\" >Stromverbrauch des Simulators<\/a><\/h2>\n\n<div class=\"wp-block-post-date\"><time datetime=\"2023-09-12T21:18:00+02:00\">12. September 2023<\/time><\/div>\n\n<div class=\"wp-block-post-excerpt\"><p class=\"wp-block-post-excerpt__excerpt\">Da ich seit einigen Monaten die schaltbaren devolo Steckdosen verbaut habe, kann ich endlich etwas \u00fcber die laufenden Stromkosten im Simulator sagen. Pro Stunde unter Last verbraucht mein Homecockpit ca. 900 Watt. Also alle Ger\u00e4te, Bildschirme und Netzteile. Bei einem Strompreis von 32 Cent pro Kilowattstunde fallen f\u00fcr eine Stunde Simulatorvergn\u00fcgen also rund 0,297 \u20ac&hellip; <\/p><\/div>\n<\/li><li class=\"wp-block-post post-4062 post type-post status-publish format-standard hentry category-hardware tag-cockpit\">\n<h2 class=\"wp-block-post-title\"><a href=\"https:\/\/aviation.pero-online.de\/wordpress\/nur-noch-3-pc-im-homecockpit\/\" target=\"_self\" >Nur noch 3 PC im Homecockpit<\/a><\/h2>\n\n<div class=\"wp-block-post-date\"><time datetime=\"2023-05-18T09:35:00+02:00\">18. Mai 2023<\/time><\/div>\n\n<div class=\"wp-block-post-excerpt\"><p class=\"wp-block-post-excerpt__excerpt\">Ich habe schon vor einigen Tagen die beiden PC f\u00fcr die Captain und First Officer Seite durch einen PC ersetzt. Dieser verf\u00fcgt \u00fcber eine Nvidia 1070 mit 5 Grafikausg\u00e4ngen und betreibt so die 3 Bildschirme im Main Instrument Panel und die beiden MCDUs. Wobei diese H\u00f6llenmaschine f\u00fcr den Einsatzzweck sicherlich total \u00fcberdimensioniert ist. Aber bevor&hellip; <\/p><\/div>\n<\/li><li class=\"wp-block-post post-3958 post type-post status-publish format-standard hentry category-hardware tag-cockpit tag-streamdeck\">\n<h2 class=\"wp-block-post-title\"><a href=\"https:\/\/aviation.pero-online.de\/wordpress\/elgato-stream-deck-im-homecockpit\/\" target=\"_self\" >Elgato Stream Deck im Homecockpit<\/a><\/h2>\n\n<div class=\"wp-block-post-date\"><time datetime=\"2023-02-05T14:56:00+01:00\">5. Februar 2023<\/time><\/div>\n\n<div class=\"wp-block-post-excerpt\"><p class=\"wp-block-post-excerpt__excerpt\">Ich hatte schon l\u00e4nger den Wunsch nach einem Stream Deck, da ich es neben dem Homecockpit auch f\u00fcr meine Digital Audio Workstation und den normalen Office PC verwenden m\u00f6chte. Bestellt habe ich ein Elgato Stream Deck XL mit 32 Buttons. F\u00fcr den Flugsimulator habe ich gleich mehrere Anwendungsf\u00e4lle die Interessant sind: Die ersten beiden Punkte&hellip; <\/p><\/div>\n<\/li><li class=\"wp-block-post post-3762 post type-post status-publish format-standard hentry category-hardware\">\n<h2 class=\"wp-block-post-title\"><a href=\"https:\/\/aviation.pero-online.de\/wordpress\/das-whats-next-syndrom\/\" target=\"_self\" >Das &#8222;what&#8217;s next&#8220; Syndrom<\/a><\/h2>\n\n<div class=\"wp-block-post-date\"><time datetime=\"2022-10-23T06:18:00+02:00\">23. Oktober 2022<\/time><\/div>\n\n<div class=\"wp-block-post-excerpt\"><p class=\"wp-block-post-excerpt__excerpt\">F\u00fcr au\u00dfenstehende, die mit dem Homecockpitbau nichts zu tun haben, klingt es sicher seltsam, wenn man als Homecockpitbauer berichtet, traurig zu sein, dass alles fertig ist und man &#8222;nur noch fliegen&#8220; muss&#8230; Allerdings geht es vielen Homecockpitbauern wie mir. Man sitzt auf seinem Cockpitsitz und fragt sich, was man nun noch verbessern k\u00f6nnte. Und dann&hellip; <\/p><\/div>\n<\/li><li class=\"wp-block-post post-3617 post type-post status-publish format-standard hentry category-hardware\">\n<h2 class=\"wp-block-post-title\"><a href=\"https:\/\/aviation.pero-online.de\/wordpress\/neuer-flusi-pc\/\" target=\"_self\" >Neuer Flusi PC!<\/a><\/h2>\n\n<div class=\"wp-block-post-date\"><time datetime=\"2022-07-09T09:16:56+02:00\">9. Juli 2022<\/time><\/div>\n\n<div class=\"wp-block-post-excerpt\"><p class=\"wp-block-post-excerpt__excerpt\">Ich habe mir einen neuen Flusi Rechner f\u00fcr PREPAR3D geleistet und komplett neu mit Windows 11 installiert. Die ganze Aktion hat ungef\u00e4hr einen Tag gedauert, allerdings hatte ich z.B. die ORBX Szenerien aus einem Backup wiederhergestellt. Das Ding l\u00e4uft super und bringt bisher in jeder Situation 30 FPS mit nahezu allen Slidern rechts. Hier zur&hellip; <\/p><\/div>\n<\/li><li class=\"wp-block-post post-2585 post type-post status-publish format-standard hentry category-hardware tag-cockpit\">\n<h2 class=\"wp-block-post-title\"><a href=\"https:\/\/aviation.pero-online.de\/wordpress\/d-alam-arcars-printer-im-pedestal\/\" target=\"_self\" >D-ALAM &#8211; ACARS Printer im Pedestal<\/a><\/h2>\n\n<div class=\"wp-block-post-date\"><time datetime=\"2020-01-06T06:35:19+01:00\">6. Januar 2020<\/time><\/div>\n\n<div class=\"wp-block-post-excerpt\"><p class=\"wp-block-post-excerpt__excerpt\">Durch einen kleinen Maintainance Einsatz konnte ich ein paar Bilder von meiner ACARS Printer Konstruktion machen, die ich hier gerne n\u00e4her erl\u00e4utere. <\/p><\/div>\n<\/li><li class=\"wp-block-post post-2519 post type-post status-publish format-standard hentry category-hardware tag-cockpit tag-dcdu\">\n<h2 class=\"wp-block-post-title\"><a href=\"https:\/\/aviation.pero-online.de\/wordpress\/d-alam-data-control-and-display-unit-dcdu\/\" target=\"_self\" >D-ALAM &#8211; Data Control and Display Unit (DCDU)<\/a><\/h2>\n\n<div class=\"wp-block-post-date\"><time datetime=\"2019-12-23T14:27:00+01:00\">23. Dezember 2019<\/time><\/div>\n\n<div class=\"wp-block-post-excerpt\"><p class=\"wp-block-post-excerpt__excerpt\">Schon eine Weile lese ich mich in CPDLC ein, so kam der Wunsch auf, die beiden DCDUs nachzubauen. <\/p><\/div>\n<\/li><li class=\"wp-block-post post-2565 post type-post status-publish format-standard hentry category-hardware category-shell tag-cockpit tag-p3dv5-3\">\n<h2 class=\"wp-block-post-title\"><a href=\"https:\/\/aviation.pero-online.de\/wordpress\/d-alam-icing-indicator\/\" target=\"_self\" >D-ALAM &#8211; Icing Indicator<\/a><\/h2>\n\n<div class=\"wp-block-post-date\"><time datetime=\"2019-12-23T06:32:57+01:00\">23. Dezember 2019<\/time><\/div>\n\n<div class=\"wp-block-post-excerpt\"><p class=\"wp-block-post-excerpt__excerpt\">Jetzt wo uns der Winter fast erreicht hat, habe ich \u00fcberlegt, wie ich den \u00e4u\u00dferen Icing Indicator simulieren kann. Mein Script zeigt ja bereits einen %-Wert &#8222;Structual icing&#8220; an, aber ich wollte einen \u00e4u\u00dferen Indicator. <\/p><\/div>\n<\/li><li class=\"wp-block-post post-2461 post type-post status-publish format-standard hentry category-hardware category-shell tag-cockpit\">\n<h2 class=\"wp-block-post-title\"><a href=\"https:\/\/aviation.pero-online.de\/wordpress\/d-alam-rudder-pedals\/\" target=\"_self\" >D-ALAM &#8211; Rudder Pedals<\/a><\/h2>\n\n<div class=\"wp-block-post-date\"><time datetime=\"2019-10-03T08:14:06+02:00\">3. Oktober 2019<\/time><\/div>\n\n<div class=\"wp-block-post-excerpt\"><p class=\"wp-block-post-excerpt__excerpt\">Ich habe mit Hilfe von einigen Fotos eine Idee entwickelt, wie der Dummy aussehen soll. Dabei will ich das Rudder Pedal nicht kaputt machen, sondern nur eine Dummy drauf bauen. <\/p><\/div>\n<\/li><\/ul>\n\n<nav class=\"wp-block-query-pagination is-layout-flex wp-block-query-pagination-is-layout-flex\" aria-label=\"Seitennummerierung\">\n\n\n<div class=\"wp-block-query-pagination-numbers\"><span aria-current=\"page\" class=\"page-numbers current\">1<\/span>\n<a class=\"page-numbers\" href=\"?query-3-page=2\">2<\/a><\/div>\n\n<a href=\"\/wordpress\/wp-json\/wp\/v2\/pages\/3883?query-3-page=2\" class=\"wp-block-query-pagination-next\">N\u00e4chste Seite<\/a>\n<\/nav>\n\n<\/div>\n","protected":false},"excerpt":{"rendered":"","protected":false},"author":2,"featured_media":0,"parent":1354,"menu_order":0,"comment_status":"closed","ping_status":"closed","template":"","meta":{"_stopmodifiedupdate":false,"_modified_date":"","neve_meta_sidebar":"","neve_meta_container":"","neve_meta_enable_content_width":"","neve_meta_content_width":0,"neve_meta_title_alignment":"","neve_meta_author_avatar":"","neve_post_elements_order":"","neve_meta_disable_header":"","neve_meta_disable_footer":"","neve_meta_disable_title":"","footnotes":""},"class_list":["post-3883","page","type-page","status-publish","hentry"],"_links":{"self":[{"href":"https:\/\/aviation.pero-online.de\/wordpress\/wp-json\/wp\/v2\/pages\/3883","targetHints":{"allow":["GET"]}}],"collection":[{"href":"https:\/\/aviation.pero-online.de\/wordpress\/wp-json\/wp\/v2\/pages"}],"about":[{"href":"https:\/\/aviation.pero-online.de\/wordpress\/wp-json\/wp\/v2\/types\/page"}],"author":[{"embeddable":true,"href":"https:\/\/aviation.pero-online.de\/wordpress\/wp-json\/wp\/v2\/users\/2"}],"replies":[{"embeddable":true,"href":"https:\/\/aviation.pero-online.de\/wordpress\/wp-json\/wp\/v2\/comments?post=3883"}],"version-history":[{"count":0,"href":"https:\/\/aviation.pero-online.de\/wordpress\/wp-json\/wp\/v2\/pages\/3883\/revisions"}],"up":[{"embeddable":true,"href":"https:\/\/aviation.pero-online.de\/wordpress\/wp-json\/wp\/v2\/pages\/1354"}],"wp:attachment":[{"href":"https:\/\/aviation.pero-online.de\/wordpress\/wp-json\/wp\/v2\/media?parent=3883"}],"curies":[{"name":"wp","href":"https:\/\/api.w.org\/{rel}","templated":true}]}}