{"id":3182,"date":"2021-12-07T04:11:58","date_gmt":"2021-12-07T03:11:58","guid":{"rendered":"https:\/\/aviation.pero-online.de\/wordpress\/?page_id=3182"},"modified":"2025-10-17T05:05:43","modified_gmt":"2025-10-17T03:05:43","slug":"cockpit-rules-of-thumb","status":"publish","type":"page","link":"https:\/\/aviation.pero-online.de\/wordpress\/softwareprojects\/cockpit-rules-of-thumb\/","title":{"rendered":"Cockpit Rules of Thumb"},"content":{"rendered":"\n<div style=\"text-align:left\" class=\"wp-block-fruitful-blocks-fruitful-alert ff fruitful_alert ff-alert-info ff-id-block-00de4272-58b5-4b78-bbff-d1a9b01e606c\"><i class=\"ff-icon\"><\/i><div>Meine Freeware Projekt werden kostenfrei nur nicht kommerziellen Nutzung \u00fcberlassen. Sie d\u00fcrfen nicht ver\u00e4ndert oder weiterverbreitet werden. Alle Softwareprojekt werden ohne Garantie, Gew\u00e4hrleistung und Support geliefert!<br><br><strong>Die Nutzung erfolgt auf eigene Gefahr!<\/strong><\/div><a href=\"#\" class=\"ff-alert-dismiss\"><\/a><\/div>\n\n\n\n<h2 class=\"wp-block-heading\" id=\"einfuhrung\">Einf\u00fchrung<\/h2>\n\n\n\n<p><strong>pero | Rules of Thumb<\/strong> hat einige Faustregeln integriert, die dem Flugsimulator Piloten helfen, verschiedene \u00dcberschlagsberechnungen im Flug zu machen. Das Programm l\u00e4uft auf Windows bei mir auf meinen CPT und FO Tablets.<\/p>\n\n\n\n<p>Integriert sind folgende Berechnungen:<\/p>\n\n\n\n<ul class=\"wp-block-list\">\n<li>Top of Descent<\/li>\n\n\n\n<li>Top of Descent mit Indicated Airspeed<\/li>\n\n\n\n<li>Rate of Descent<\/li>\n\n\n\n<li>Autobreak Stop Distance Airbus<\/li>\n\n\n\n<li>Reverse Course<\/li>\n\n\n\n<li>Fuel Liter &lt;&gt; Kilogram<\/li>\n\n\n\n<li>Fuel f\u00fcr Journeylog<\/li>\n\n\n\n<li>Time to waypoint <\/li>\n<\/ul>\n\n\n\n<p>Zu bedienen ist das kleine Tool per Touch \u00fcber die beigef\u00fcgte Tastatur und somit optimal f\u00fcr ein Tablet im  Homecockpit.<\/p>\n\n\n\n<figure class=\"wp-block-image size-large\"><img loading=\"lazy\" decoding=\"async\" width=\"1024\" height=\"714\" src=\"https:\/\/aviation.pero-online.de\/wordpress\/wp-content\/uploads\/2025\/10\/cockpitRuleOfThumb-1024x714.png\" alt=\"\" class=\"wp-image-4970\" srcset=\"https:\/\/aviation.pero-online.de\/wordpress\/wp-content\/uploads\/2025\/10\/cockpitRuleOfThumb-1024x714.png 1024w, https:\/\/aviation.pero-online.de\/wordpress\/wp-content\/uploads\/2025\/10\/cockpitRuleOfThumb-300x209.png 300w, https:\/\/aviation.pero-online.de\/wordpress\/wp-content\/uploads\/2025\/10\/cockpitRuleOfThumb-768x535.png 768w, https:\/\/aviation.pero-online.de\/wordpress\/wp-content\/uploads\/2025\/10\/cockpitRuleOfThumb.png 1092w\" sizes=\"auto, (max-width: 1024px) 100vw, 1024px\" \/><\/figure>\n\n\n\n<div style=\"text-align:left\" class=\"wp-block-fruitful-blocks-fruitful-alert ff fruitful_alert ff-alert-warning ff-id-block-8b14ce7a-6da8-4e52-a776-ac5230899b34\"><i class=\"ff-icon\"><\/i><div>Achtung! Dieses Programm ist nur f\u00fcr die private Flugsimulation geeignet. Nicht f\u00fcr reale Fl\u00fcge verwenden!<\/div><a href=\"#\" class=\"ff-alert-dismiss\"><\/a><\/div>\n\n\n\n<h2 class=\"wp-block-heading\" id=\"download\">Download<\/h2>\n\n\n<div class='w3eden'><!-- WPDM Link Template: Default Template -->\n\n<div class=\"link-template-default card mb-2\">\n    <div class=\"card-body\">\n        <div class=\"media\">\n            <div class=\"mr-3 img-48\"><img decoding=\"async\" class=\"wpdm_icon\" alt=\"Icon\"   src=\"https:\/\/aviation.pero-online.de\/wordpress\/wp-content\/plugins\/download-manager\/assets\/file-type-icons\/zip.svg\" \/><\/div>\n            <div class=\"media-body\">\n                <h3 class=\"package-title\"><a href='https:\/\/aviation.pero-online.de\/wordpress\/download\/cockpit-rules-of-thumb\/'>Cockpit Rules of Thumb<\/a><\/h3>\n                <div class=\"text-muted text-small\"><i class=\"fas fa-copy\"><\/i> 1 Datei(en) <i class=\"fas fa-hdd ml-3\"><\/i> 43.58 KB<\/div>\n            <\/div>\n            <div class=\"ml-3\">\n                <a class='wpdm-download-link download-on-click btn btn-primary ' rel='nofollow' href='#' data-downloadurl=\"https:\/\/aviation.pero-online.de\/wordpress\/download\/cockpit-rules-of-thumb\/?wpdmdl=3185&refresh=69d2ee15b6d711775431189\">Download<\/a>\n            <\/div>\n        <\/div>\n    <\/div>\n<\/div>\n\n<\/div>\n","protected":false},"excerpt":{"rendered":"<p>Einf\u00fchrung pero | Rules of Thumb hat einige Faustregeln integriert, die dem Flugsimulator Piloten helfen, verschiedene \u00dcberschlagsberechnungen im Flug zu machen. Das Programm l\u00e4uft auf Windows bei mir auf meinen CPT und FO Tablets. Integriert sind folgende Berechnungen: Zu bedienen ist das kleine Tool per Touch \u00fcber die beigef\u00fcgte Tastatur und somit optimal f\u00fcr ein&hellip;&nbsp;<a href=\"https:\/\/aviation.pero-online.de\/wordpress\/softwareprojects\/cockpit-rules-of-thumb\/\" rel=\"bookmark\">Weiterlesen &raquo;<span class=\"screen-reader-text\">Cockpit Rules of Thumb<\/span><\/a><\/p>\n","protected":false},"author":2,"featured_media":0,"parent":99,"menu_order":0,"comment_status":"closed","ping_status":"closed","template":"","meta":{"_stopmodifiedupdate":false,"_modified_date":"","neve_meta_sidebar":"","neve_meta_container":"","neve_meta_enable_content_width":"","neve_meta_content_width":0,"neve_meta_title_alignment":"","neve_meta_author_avatar":"","neve_post_elements_order":"","neve_meta_disable_header":"","neve_meta_disable_footer":"","neve_meta_disable_title":"","footnotes":""},"class_list":["post-3182","page","type-page","status-publish","hentry"],"_links":{"self":[{"href":"https:\/\/aviation.pero-online.de\/wordpress\/wp-json\/wp\/v2\/pages\/3182","targetHints":{"allow":["GET"]}}],"collection":[{"href":"https:\/\/aviation.pero-online.de\/wordpress\/wp-json\/wp\/v2\/pages"}],"about":[{"href":"https:\/\/aviation.pero-online.de\/wordpress\/wp-json\/wp\/v2\/types\/page"}],"author":[{"embeddable":true,"href":"https:\/\/aviation.pero-online.de\/wordpress\/wp-json\/wp\/v2\/users\/2"}],"replies":[{"embeddable":true,"href":"https:\/\/aviation.pero-online.de\/wordpress\/wp-json\/wp\/v2\/comments?post=3182"}],"version-history":[{"count":1,"href":"https:\/\/aviation.pero-online.de\/wordpress\/wp-json\/wp\/v2\/pages\/3182\/revisions"}],"predecessor-version":[{"id":4971,"href":"https:\/\/aviation.pero-online.de\/wordpress\/wp-json\/wp\/v2\/pages\/3182\/revisions\/4971"}],"up":[{"embeddable":true,"href":"https:\/\/aviation.pero-online.de\/wordpress\/wp-json\/wp\/v2\/pages\/99"}],"wp:attachment":[{"href":"https:\/\/aviation.pero-online.de\/wordpress\/wp-json\/wp\/v2\/media?parent=3182"}],"curies":[{"name":"wp","href":"https:\/\/api.w.org\/{rel}","templated":true}]}}