{"id":1725,"date":"2017-12-16T13:44:37","date_gmt":"2017-12-16T12:44:37","guid":{"rendered":"http:\/\/aviation.pero-online.de\/wordpress\/?page_id=1725"},"modified":"2025-10-17T05:09:08","modified_gmt":"2025-10-17T03:09:08","slug":"cortemanager4jeehell","status":"publish","type":"page","link":"https:\/\/aviation.pero-online.de\/wordpress\/softwareprojects\/cortemanager4jeehell\/","title":{"rendered":"corteManager4JeeHell"},"content":{"rendered":"\n<div style=\"text-align:left\" class=\"wp-block-fruitful-blocks-fruitful-alert ff fruitful_alert ff-alert-info ff-id-block-f63432d9-bb9b-459f-a224-b813e1da117f\"><i class=\"ff-icon\"><\/i><div>Meine Freeware Projekt werden kostenfrei nur nicht kommerziellen Nutzung \u00fcberlassen. Sie d\u00fcrfen nicht ver\u00e4ndert oder weiterverbreitet werden. Alle Softwareprojekt werden ohne Garantie, Gew\u00e4hrleistung und Support geliefert!<br><br><strong>Die Nutzung erfolgt auf eigene Gefahr!<\/strong><\/div><a href=\"#\" class=\"ff-alert-dismiss\"><\/a><\/div>\n\n\n\n<p><strong>Mit dieser Software k\u00f6nnen Company- und Pilotrouten f\u00fcr JeeHell FMGS erstellt, bearbeitet oder entfernt werden.<\/strong><\/p>\n\n\n\n<p>Features:<\/p>\n\n\n<div class=\"wp-block-image\">\n<figure class=\"alignright is-resized\"><img loading=\"lazy\" decoding=\"async\" width=\"412\" height=\"412\" src=\"http:\/\/aviation.pero-online.de\/wordpress\/wp-content\/uploads\/2017\/12\/MCDU.jpg\" alt=\"\" class=\"wp-image-1720\" style=\"width:206px;height:206px\" srcset=\"https:\/\/aviation.pero-online.de\/wordpress\/wp-content\/uploads\/2017\/12\/MCDU.jpg 412w, https:\/\/aviation.pero-online.de\/wordpress\/wp-content\/uploads\/2017\/12\/MCDU-150x150.jpg 150w, https:\/\/aviation.pero-online.de\/wordpress\/wp-content\/uploads\/2017\/12\/MCDU-300x300.jpg 300w\" sizes=\"auto, (max-width: 412px) 100vw, 412px\" \/><\/figure>\n<\/div>\n\n\n<ul class=\"wp-block-list\">\n<li>Routen erstellen, \u00e4ndern oder l\u00f6schen<\/li>\n\n\n\n<li>Verwalten von CORTE und PILRTE<\/li>\n\n\n\n<li>Importieren von Flugpl\u00e4nen im IVAO-, VATSIM- oder Flight Sim Commander-Format<\/li>\n\n\n\n<li>Importieren von Flugpl\u00e4nen (im Monitor-Modus)<\/li>\n\n\n\n<li>Importieren von Routenstrings aus der Zwischenablage<\/li>\n\n\n\n<li>Validierung von Routen mit aktueller AIRAC<\/li>\n\n\n\n<li>FMGSserver \/ WideFMGS zum Nachladen der corte.xml beim Start zwingen<\/li>\n\n\n\n<li>Rebuild NavData auf Master-, CPT-, FO- und Dedicated Server PC<\/li>\n<\/ul>\n\n\n\n<figure class=\"wp-block-gallery has-nested-images columns-4 is-cropped wp-block-gallery-1 is-layout-flex wp-block-gallery-is-layout-flex\">\n<figure class=\"wp-block-image size-large\"><a href=\"https:\/\/aviation.pero-online.de\/wordpress\/wp-content\/uploads\/2017\/12\/corteManager4JH_01.png\"><img loading=\"lazy\" decoding=\"async\" width=\"986\" height=\"693\" data-id=\"1752\" src=\"https:\/\/aviation.pero-online.de\/wordpress\/wp-content\/uploads\/2017\/12\/corteManager4JH_01.png\" alt=\"\" class=\"wp-image-1752\" srcset=\"https:\/\/aviation.pero-online.de\/wordpress\/wp-content\/uploads\/2017\/12\/corteManager4JH_01.png 986w, https:\/\/aviation.pero-online.de\/wordpress\/wp-content\/uploads\/2017\/12\/corteManager4JH_01-300x211.png 300w, https:\/\/aviation.pero-online.de\/wordpress\/wp-content\/uploads\/2017\/12\/corteManager4JH_01-768x540.png 768w\" sizes=\"auto, (max-width: 986px) 100vw, 986px\" \/><\/a><\/figure>\n\n\n\n<figure class=\"wp-block-image size-large\"><a href=\"https:\/\/aviation.pero-online.de\/wordpress\/wp-content\/uploads\/2017\/12\/corteManager4JH_02.png\"><img loading=\"lazy\" decoding=\"async\" width=\"986\" height=\"693\" data-id=\"1753\" src=\"https:\/\/aviation.pero-online.de\/wordpress\/wp-content\/uploads\/2017\/12\/corteManager4JH_02.png\" alt=\"\" class=\"wp-image-1753\" srcset=\"https:\/\/aviation.pero-online.de\/wordpress\/wp-content\/uploads\/2017\/12\/corteManager4JH_02.png 986w, https:\/\/aviation.pero-online.de\/wordpress\/wp-content\/uploads\/2017\/12\/corteManager4JH_02-300x211.png 300w, https:\/\/aviation.pero-online.de\/wordpress\/wp-content\/uploads\/2017\/12\/corteManager4JH_02-768x540.png 768w\" sizes=\"auto, (max-width: 986px) 100vw, 986px\" \/><\/a><\/figure>\n\n\n\n<figure class=\"wp-block-image size-large\"><a href=\"https:\/\/aviation.pero-online.de\/wordpress\/wp-content\/uploads\/2017\/12\/corteManager4JH_03.png\"><img loading=\"lazy\" decoding=\"async\" width=\"986\" height=\"693\" data-id=\"1754\" src=\"https:\/\/aviation.pero-online.de\/wordpress\/wp-content\/uploads\/2017\/12\/corteManager4JH_03.png\" alt=\"\" class=\"wp-image-1754\" srcset=\"https:\/\/aviation.pero-online.de\/wordpress\/wp-content\/uploads\/2017\/12\/corteManager4JH_03.png 986w, https:\/\/aviation.pero-online.de\/wordpress\/wp-content\/uploads\/2017\/12\/corteManager4JH_03-300x211.png 300w, https:\/\/aviation.pero-online.de\/wordpress\/wp-content\/uploads\/2017\/12\/corteManager4JH_03-768x540.png 768w\" sizes=\"auto, (max-width: 986px) 100vw, 986px\" \/><\/a><\/figure>\n\n\n\n<figure class=\"wp-block-image size-large\"><a href=\"https:\/\/aviation.pero-online.de\/wordpress\/wp-content\/uploads\/2019\/12\/corteManagerNavDataRebuild.png\"><img loading=\"lazy\" decoding=\"async\" width=\"986\" height=\"505\" data-id=\"2537\" src=\"https:\/\/aviation.pero-online.de\/wordpress\/wp-content\/uploads\/2019\/12\/corteManagerNavDataRebuild.png\" alt=\"\" class=\"wp-image-2537\" srcset=\"https:\/\/aviation.pero-online.de\/wordpress\/wp-content\/uploads\/2019\/12\/corteManagerNavDataRebuild.png 986w, https:\/\/aviation.pero-online.de\/wordpress\/wp-content\/uploads\/2019\/12\/corteManagerNavDataRebuild-300x154.png 300w, https:\/\/aviation.pero-online.de\/wordpress\/wp-content\/uploads\/2019\/12\/corteManagerNavDataRebuild-768x393.png 768w\" sizes=\"auto, (max-width: 986px) 100vw, 986px\" \/><\/a><\/figure>\n<\/figure>\n\n\n\n<h1 class=\"wp-block-heading\" id=\"systemanforderungen\">Systemanforderungen<\/h1>\n\n\n\n<ul class=\"wp-block-list\">\n<li>JeeHell FMGS B53.0.1 oder h\u00f6her<\/li>\n\n\n\n<li>Level-D 767 AIRAC<\/li>\n\n\n\n<li>JeeHellWare AIRAC (f\u00fcr NavData Update)<\/li>\n\n\n\n<li>Microsoft .NET Framework 4.5<\/li>\n\n\n\n<li>FSUIPC4\/5 um Flugpl\u00e4ne in FSX\/P3D zu importieren<\/li>\n\n\n\n<li>FSX, PREPAR3D oder Microsoft Flight Simulator<\/li>\n<\/ul>\n\n\n\n<h1 class=\"wp-block-heading\" id=\"wichtiges\">Wichtiges<\/h1>\n\n\n\n<div style=\"text-align:left\" class=\"wp-block-fruitful-blocks-fruitful-alert ff fruitful_alert ff-alert-warning ff-id-block-be43922c-81f0-4723-bb3c-b5ac21d381d1\"><i class=\"ff-icon\"><\/i><div>Bitte stellen Sie sicher, dass Sie nach der Installation einer neuen AIRAC auf &#8222;Validate all Routes&#8220; in der Haupt-GUI klicken. AIRAC-\u00c4nderungen k\u00f6nnen dazu f\u00fchren, dass sich die Flugwege\/Wegpunkte \u00e4ndern. Dies kann zu Problemen mit FMGS f\u00fchren.<\/div><a href=\"#\" class=\"ff-alert-dismiss\"><\/a><\/div>\n\n\n\n<div style=\"text-align:left\" class=\"wp-block-fruitful-blocks-fruitful-alert ff fruitful_alert ff-alert-warning ff-id-block-2460403c-6e4b-42b5-8c90-f8b8209413a4\"><i class=\"ff-icon\"><\/i><div>Um einen laufenden FMGSserver \/ WideFMGS zum Nachladen der corte.xml zu zwingen, stellen Sie sicher, dass FMGSserver oder WideFMGS und corteManager4JH mit den gleichen Benutzerrechten laufen. Um diese Funktion zu nutzen, ben\u00f6tigen Sie B49.1 oder h\u00f6her.<\/div><a href=\"#\" class=\"ff-alert-dismiss\"><\/a><\/div>\n\n\n\n<p>26.02.2023: <strong><a href=\"https:\/\/aviation.pero-online.de\/wordpress\/braucht-man-den-cortemanager4jh-noch\/\" data-type=\"post\" data-id=\"4040\">Braucht man den corteManager4JH \u00fcberhaupt noch?<\/a><\/strong><\/p>\n\n\n\n<h1 class=\"wp-block-heading\" id=\"downloads\">Downloads<\/h1>\n\n\n<div class='w3eden'><!-- WPDM Link Template: Default Template -->\n\n<div class=\"link-template-default card mb-2\">\n    <div class=\"card-body\">\n        <div class=\"media\">\n            <div class=\"mr-3 img-48\"><img decoding=\"async\" class=\"wpdm_icon\" alt=\"Icon\"   src=\"https:\/\/aviation.pero-online.de\/wordpress\/wp-content\/plugins\/download-manager\/assets\/file-type-icons\/pdf.svg\" \/><\/div>\n            <div class=\"media-body\">\n                <h3 class=\"package-title\"><a href='https:\/\/aviation.pero-online.de\/wordpress\/download\/cortemanager4jh-manual\/'>corteManager4JH Manual<\/a><\/h3>\n                <div class=\"text-muted text-small\"><i class=\"fas fa-copy\"><\/i> 1 Datei(en) <i class=\"fas fa-hdd ml-3\"><\/i> 566.83 KB<\/div>\n            <\/div>\n            <div class=\"ml-3\">\n                <a class='wpdm-download-link download-on-click btn btn-primary ' rel='nofollow' href='#' data-downloadurl=\"https:\/\/aviation.pero-online.de\/wordpress\/download\/cortemanager4jh-manual\/?wpdmdl=1741&refresh=69d2f2ff2cd231775432447\">Download<\/a>\n            <\/div>\n        <\/div>\n    <\/div>\n<\/div>\n\n<\/div>\n\n\n<div class='w3eden'><!-- WPDM Link Template: Default Template -->\n\n<div class=\"link-template-default card mb-2\">\n    <div class=\"card-body\">\n        <div class=\"media\">\n            <div class=\"mr-3 img-48\"><img decoding=\"async\" class=\"wpdm_icon\" alt=\"Icon\"   src=\"http:\/\/aviation.pero-online.de\/wordpress\/wp-content\/plugins\/download-manager\/assets\/file-type-icons\/txt.png\" \/><\/div>\n            <div class=\"media-body\">\n                <h3 class=\"package-title\"><a href='https:\/\/aviation.pero-online.de\/wordpress\/download\/cortemanager4jh-releasenotes\/'>corteManager4JH ReleaseNotes<\/a><\/h3>\n                <div class=\"text-muted text-small\"><i class=\"fas fa-copy\"><\/i> 1 Datei(en) <i class=\"fas fa-hdd ml-3\"><\/i> 0.38 KB<\/div>\n            <\/div>\n            <div class=\"ml-3\">\n                <a class='wpdm-download-link download-on-click btn btn-primary ' rel='nofollow' href='#' data-downloadurl=\"https:\/\/aviation.pero-online.de\/wordpress\/download\/cortemanager4jh-releasenotes\/?wpdmdl=1748&refresh=69d2f2ff320db1775432447\">Download<\/a>\n            <\/div>\n        <\/div>\n    <\/div>\n<\/div>\n\n<\/div>\n\n\n<div class='w3eden'><!-- WPDM Link Template: Default Template -->\n\n<div class=\"link-template-default card mb-2\">\n    <div class=\"card-body\">\n        <div class=\"media\">\n            <div class=\"mr-3 img-48\"><img decoding=\"async\" class=\"wpdm_icon\" alt=\"Icon\"   src=\"https:\/\/aviation.pero-online.de\/wordpress\/wp-content\/plugins\/download-manager\/assets\/file-type-icons\/zip.svg\" \/><\/div>\n            <div class=\"media-body\">\n                <h3 class=\"package-title\"><a href='https:\/\/aviation.pero-online.de\/wordpress\/download\/cortemanager4jh-v1-1\/'>corteManager4JH (v1.6.6.4)<\/a><\/h3>\n                <div class=\"text-muted text-small\"><i class=\"fas fa-copy\"><\/i> 1 Datei(en) <i class=\"fas fa-hdd ml-3\"><\/i> 2.96 MB<\/div>\n            <\/div>\n            <div class=\"ml-3\">\n                <a class='wpdm-download-link download-on-click btn btn-primary ' rel='nofollow' href='#' data-downloadurl=\"https:\/\/aviation.pero-online.de\/wordpress\/download\/cortemanager4jh-v1-1\/?wpdmdl=1786&refresh=69d2f2ff350381775432447\">Download<\/a>\n            <\/div>\n        <\/div>\n    <\/div>\n<\/div>\n\n<\/div>\n","protected":false},"excerpt":{"rendered":"<p>Mit dieser Software k\u00f6nnen Company- und Pilotrouten f\u00fcr JeeHell FMGS erstellt, bearbeitet oder entfernt werden. Features: Systemanforderungen Wichtiges 26.02.2023: Braucht man den corteManager4JH \u00fcberhaupt noch? Downloads<\/p>\n","protected":false},"author":2,"featured_media":0,"parent":99,"menu_order":0,"comment_status":"closed","ping_status":"closed","template":"","meta":{"_stopmodifiedupdate":false,"_modified_date":"","neve_meta_sidebar":"","neve_meta_container":"","neve_meta_enable_content_width":"","neve_meta_content_width":0,"neve_meta_title_alignment":"","neve_meta_author_avatar":"","neve_post_elements_order":"","neve_meta_disable_header":"","neve_meta_disable_footer":"","neve_meta_disable_title":"","footnotes":""},"class_list":["post-1725","page","type-page","status-publish","hentry"],"_links":{"self":[{"href":"https:\/\/aviation.pero-online.de\/wordpress\/wp-json\/wp\/v2\/pages\/1725","targetHints":{"allow":["GET"]}}],"collection":[{"href":"https:\/\/aviation.pero-online.de\/wordpress\/wp-json\/wp\/v2\/pages"}],"about":[{"href":"https:\/\/aviation.pero-online.de\/wordpress\/wp-json\/wp\/v2\/types\/page"}],"author":[{"embeddable":true,"href":"https:\/\/aviation.pero-online.de\/wordpress\/wp-json\/wp\/v2\/users\/2"}],"replies":[{"embeddable":true,"href":"https:\/\/aviation.pero-online.de\/wordpress\/wp-json\/wp\/v2\/comments?post=1725"}],"version-history":[{"count":1,"href":"https:\/\/aviation.pero-online.de\/wordpress\/wp-json\/wp\/v2\/pages\/1725\/revisions"}],"predecessor-version":[{"id":4973,"href":"https:\/\/aviation.pero-online.de\/wordpress\/wp-json\/wp\/v2\/pages\/1725\/revisions\/4973"}],"up":[{"embeddable":true,"href":"https:\/\/aviation.pero-online.de\/wordpress\/wp-json\/wp\/v2\/pages\/99"}],"wp:attachment":[{"href":"https:\/\/aviation.pero-online.de\/wordpress\/wp-json\/wp\/v2\/media?parent=1725"}],"curies":[{"name":"wp","href":"https:\/\/api.w.org\/{rel}","templated":true}]}}